ine r(-51).
-5
Let t(g) = -4*g**3 + 3*g**2 - 12*g + 92. Give t(6).
-736
Let v(l) = 15*l**2 + 321*l + 23. What is v(-19)?
-661
Let r(y) = -y**3 - 20*y**2 + 4253*y - 215. Give r(-76).
13
Let k(c) = -317*c - 176. What is k(-2)?
458
Let d(k) = -k**3 - 21*k**2 - 195*k - 3630. Calculate d(-17).
-1471
Let l(i) = 1305*i - 134381. Determine l(103).
34
Let j(f) = -f**2 - 34*f + 540. Calculate j(17).
-327
Let d(g) = 4*g**2 + 3447*g - 74169. Calculate d(21).
-18
Let a(m) = 109*m**2 + 254*m + 56. Calculate a(-2).
-16
Let i(v) = -4*v - 278. Determine i(-49).
-82
Let c(w) = 12*w**2 + 725*w - 13796. Determine c(18).
3142
Let s(h) = 3*h**3 + 198*h**2 + 1353*h + 15. Calculate s(-7).
-783
Let i(v) = 10282*v - 61725. Give i(6).
-33
Let v(g) = 1740665*g - 1740662. Determine v(1).
3
Let v(d) = -3*d**2 - 87*d - 649. Determine v(-36).
-1405
Let w(o) = o**3 - 178*o**2 - 20*o + 536. Give w(178).
-3024
Let x(m) = m**2 - 31*m + 277. Give x(30).
247
Let c(b) = -221*b**2 + 16117*b + 1187. Give c(73).
19
Let l(g) = 6494*g - 94. What is l(0)?
-94
Let v(a) = -411*a**2 + 5049*a - 46. What is v(12)?
1358
Let u(k) = -10*k**3 - 228*k**2 - 320*k - 98. Calculate u(-1).
4
Let n(f) = f**3 + 4*f**2 + 100853*f + 302560. Give n(-3).
10
Let o(c) = -136381*c - 42823628. Calculate o(-314).
6
Let d(o) = o**2 - 11133*o + 774402. What is d(70)?
-8
Let o(c) = -41168*c + 782205. Determine o(19).
13
Let b(l) = 13*l**3 + 36*l**2 + 49*l + 161. What is b(-3)?
-13
Let p(o) = -o**3 - 113*o**2 - 1706*o + 353. What is p(-95)?
-27
Let h(d) = -129460*d + 2848125. Determine h(22).
5
Let p(f) = -518*f + 24014. Give p(47).
-332
Let f(y) = -53*y**2 + 25879*y - 7313. What is f(488)?
7
Let b(o) = -49*o - 10040. Give b(-203).
-93
Let p(a) = -2*a**2 + 96*a - 154. Determine p(55).
-924
Let s(z) = 3*z**3 + 4*z**2 - 1293*z + 269. What is s(20)?
9
Let j(w) = -w**2 + 470*w - 17497. Give j(40).
-297
Let q(l) = -2*l**3 + 318*l**2 - 291*l - 3841. Determine q(158).
109
Let m(w) = 5*w**2 - 113*w + 776. Determine m(6).
278
Let t(f) = f**2 - 6908*f + 1862171. Determine t(281).
-16
Let r(v) = 17271*v - 5958498. What is r(345)?
-3
Let h(a) = 88*a - 7782. Give h(83).
-478
Let k(l) = -124318*l - 235. Determine k(0).
-235
Let u(z) = 4*z**2 - 137*z + 575. Calculate u(24).
-409
Let j(t) = 845*t - 107898. Give j(128).
262
Let m(j) = j**3 - 7*j**2 - 241*j - 863. Determine m(-4).
-75
Let o(c) = -865*c**2 + 6025*c + 333. Calculate o(7).
123
Let i(n) = 513*n - 30639. Calculate i(60).
141
Let j(r) = 121*r**2 + 3080*r - 5031. Give j(-27).
18
Let i(r) = 109*r + 25399. Give i(-234).
-107
Let d(g) = 3*g**2 + 1388*g + 134971. Give d(-139).
2
Let i(u) = 6412*u + 51429. Calculate i(-8).
133
Let y(p) = -3*p**3 + 441*p**2 + 678*p - 34625. What is y(148)?
7
Let p(d) = -2*d**3 - 631*d**2 - 8157*d - 903. What is p(-302)?
3
Let m(t) = 7720*t + 7433. Give m(-1).
-287
Let x(v) = -5534*v + 5135537. Give x(928).
-15
Let k(m) = 2*m**3 + 12*m**2 - 80*m - 145. Determine k(-9).
89
Let l(i) = i**2 + 430*i + 45847. What is l(-196)?
-17
Let p(a) = 773*a - 243737. Calculate p(315).
-242
Let y(h) = -12*h**3 + 522*h**2 + 1487*h - 3. What is y(-3)?
558
Let u(f) = -72*f**2 - 10135*f - 40556. Determine u(-4).
-1168
Let c(k) = k**3 - 12*k**2 - 90*k + 8. What is c(17)?
-77
Let w(q) = -663292*q + 1326560. Give w(2).
-24
Let c(t) = -t**2 + 3188*t - 1308743. Calculate c(484).
-7
Let q(p) = 11*p**2 - 349*p + 2027. Calculate q(26).
389
Let l(w) = -102*w + 5626. Determine l(52).
322
Let s(o) = 9*o**2 - 395*o + 3758. Calculate s(15).
-142
Let v(r) = 966*r + 712894. Calculate v(-738).
-14
Let m(t) = t + 2417. Calculate m(-44).
2373
Let h(o) = 12*o**3 + 2454*o**2 - 1243*o - 465. Give h(-205).
2200
Let l(b) = 8*b**3 + 308*b**2 + 120*b - 1020. Determine l(-38).
196
Let w(n) = -n**3 - 28*n**2 - 21*n. What is w(-27)?
-162
Let d(g) = g**2 + 1426*g - 30421. Determine d(21).
-34
Let d(g) = -10*g**3 + 425*g**2 - 2570*g - 11. Give d(6).
-2291
Let s(p) = -29846*p - 119243. Determine s(-4).
141
Let k(a) = -2*a**3 + 30*a**2 - 104*a + 795. What is k(13)?
119
Let c(x) = -x**2 + 414*x - 31475. What is c(100)?
-75
Let x(d) = 3*d**3 + d**2 + 329*d + 2501. What is x(-7)?
-782
Let f(l) = -l**2 - 329*l - 28082. Give f(-139).
-1672
Let i(z) = 1587*z**2 + 31723*z - 121. Determine i(-20).
219
Let m(l) = 3684*l + 60336. Determine m(-17).
-2292
Let w(d) = 18343*d - 55024. Determine w(3).
5
Let n(u) = u**3 - 40*u**2 - 1133*u + 735. Determine n(59).
27
Let c(u) = 5*u**2 - 745*u - 3386. What is c(153)?
-326
Let v(f) = 6612*f + 126008. Determine v(-19).
380
Let r(m) = 3*m**3 + 42*m**2 - 1412*m - 85. Give r(-30).
-925
Let j(h) = 148263*h - 593150. What is j(4)?
-98
Let n(m) = 306123*m + 2755105. Give n(-9).
-2
Let l(c) = 141252*c**2 - 141270*c + 4. Give l(1).
-14
Let x(y) = y**2 - 9*y - 18780. Give x(143).
382
Let r(b) = b**2 - 5174*b - 457698. Give r(-87).
9
Let w(j) = 63*j**2 - 1832*j + 308. What is w(27)?
-3229
Let o(h) = 299810*h + 599523. Give o(-2).
-97
Let c(o) = -80*o + 4277. What is c(57)?
-283
Let d(u) = 84*u**2 + 1990*u - 12001. Determine d(6).
2963
Let w(h) = 350*h - 3510. Determine w(10).
-10
Let r(b) = 5*b**3 + 6*b**2 - 662*b - 109. Give r(11).
-10
Let m(l) = -l**3 + 57*l + 246. Calculate m(-7).
190
Let c(p) = p**3 + 3398*p + 31307. Calculate c(-9).
-4
Let n(q) = -q**3 + 184*q**2 + 8782*q + 3318. What is n(-39)?
3
Let m(r) = 51*r**2 - 20*r + 5. Determine m(6).
1721
Let i(t) = -t**3 - 15*t**2 - 204*t - 908. What is i(-6)?
-8
Let s(f) = 3*f**2 + 305*f + 4342. Calculate s(-13).
884
Let c(h) = 5*h**2 - 1329*h + 3979. What is c(3)?
37
Let o(x) = -x**2 + 20058*x + 421507. Calculate o(-21).
-152
Let p(w) = 9652*w - 48262. Determine p(5).
-2
Let s(k) = 2308*k - 47972. Calculate s(21).
496
Let k(o) = -o**3 + 4*o**2 - 17*o + 65. Determine k(4).
-3
Let j(q) = 141*q + 40868. Determine j(-290).
-22
Let a(f) = -43*f**2 + 619*f - 618. Give a(1).
-42
Let i(u) = u**3 - 23*u**2 - 36*u - 577. Calculate i(25).
-227
Let n(b) = -17*b**3 - 4*b**2 - 1440*b - 2872. Calculate n(-2).
128
Let s(a) = a**3 - 67*a**2 - 3301*a + 77. What is s(100)?
-23
Let g(y) = 4839*y - 149810. Give g(31).
199
Let c(l) = -10*l**2 - 450*l - 179. Give c(-44).
261
Let x(o) = 2843*o - 42946. Determine x(15).
-301
Let j(m) = -15*m**2 - 5204*m + 335. Give j(-347).
-12
Let p(d) = -2*d**3 + 173*d**2 + 5743*d - 3476. What is p(112)?
-4
Let a(z) = -17*z**2 - 349*z - 473. What is a(-19)?
21
Let b(v) = 702*v + 5232. Determine b(-7).
318
Let o(u) = -2*u**2 + 4981*u + 39952. Calculate o(-8).
-24
Let u(b) = 3462*b**3 - 12*b**2 - 374*b + 374. Determine u(1).
3450
Let x(h) = -53*h**2 + 303*h - 603. Calculate x(2).
-209
Let a(y) = 17627*y + 370033. Calculate a(-21).
-134
Let i(x) = x**2 + 251*x + 13704. Determine i(-80).
24
Let c(z) = -21350*z + 1345049. What is c(63)?
-1
Let x(q) = -1151*q - 65797. What is x(-57)?
-190
Let u(x) = 31*x**3 + 7163*x**2 + 449*x + 501. Calculate u(-231).
3504
Let o(p) = 467*p**2 + 20010*p - 3025. Calculate o(-43).
28
Let r(c) = 1018*c**2 - 46810*c - 840. What is r(46)?
-12
Let b(z) = z**2 - 5080*z + 10164. What is b(2)?
8
Let k(o) = 1021236*o + 7148653. Give k(-7).
1
Let u(k) = -66*k**2 - 1212*k + 5. Give u(-18).
437
Let r(p) = 2*p**3 + 72*p**2 + 94*p + 976. Determine r(-35).
136
Let t(h) = 10*h**2 - 973*h + 12022. Calculate t(12).
1786
Let q(c) = -1966*c - 485618. Give q(-247).
-16
Let c(r) = 52975*r + 52987. Calculate c(-1).
12
Let g(f) = 1598*f - 341663. Calculate g(214).
309
Let i(y) = -109*y + 10463. Give i(104).
-873
Let d(w) = -583*w - 3911. Determine d(-6).
-413
Let k(i) = -4*i**3 + 18*i**2 - 4*i - 168. What is k(-7)?
2114
Let t(p) = -17*p**2 - 12*p + 64. Give t(3).
-125
Let i(h) = h**3 - 40*h**2 - 6118*h + 50981. Give i(8).
-11
Let q(x) = -x**2 + 129400*x + 2329463. Determine q(-18).
-61
Let c(l) = 4589*l - 316651. Calculate c(69).
-10
Let h(g) = -26*g - 15707. Give h(-604).
-3
Let x(b) = 38*b + 2595. Give x(-86).
-673
Let p(j) = 2*j**2 - 54*j - 373. Calculate p(44).
1123
Let q(z) = 912*z**3 - 4618*z**2 + 295*z - 29. Give q(5).
-4
Let l(g) = -3*g**3 - 493*g**2 - 163*g + 141. Determine l(-164).
-23
Let x(k) = k**3 - 15*k**2 + 298*k - 12259. Calculate x(24).
77
Let v(n) = -6*n**2 - 673*n - 4335. Determine v(-7).
82
Let q(t) = 9*t**3 + 85*t**2 + 642*t. Give q(-7).
-3416
Let a(s) = 13240*s - 13496. Give a(1).
-256
Le